 of q and 648?
81
Let t(w) = -7*w + 171. Let p be t(0). Let k(z) = -z**3 + 10*z**2 - 9*z + 1. Let q be k(8). What is the greatest common divisor of p and q?
57
Let y = -339 - -343. What is the greatest common divisor of y and 172?
4
Suppose 486 = -248*b + 257*b. Calculate the highest common factor of 135 and b.
27
Let v(l) = 76*l**2 + 9*l + 14. Let i be v(-3). Calculate the highest common factor of 61 and i.
61
Suppose -15 = -2*s + 1. Suppose s*m = 5*m, -5*u + 75 = 3*m. Calculate the highest common divisor of u and 10.
5
Let g = -930 - -968. Calculate the greatest common divisor of g and 418.
38
Let z(i) = 26*i**2 - i + 1. Let k = -58 + 59. Let t be z(k). What is the highest common divisor of 104 and t?
26
Suppose 5*c - 4*x - 28 = 0, 0*c + 10 = 4*c + 3*x. Let f = c - -14. What is the highest common factor of 162 and f?
18
Let r = 147 + 3. What is the highest common divisor of r and 24?
6
Suppose 30 = -6*v + v. Let h = 16 + v. Let q(c) = c**2 - 9*c - 5. Let o be q(h). What is the greatest common divisor of 1 and o?
1
Let h(x) = 6*x + 18. Let q be h(5). Let o be 0 + q/3 + 2. Calculate the highest common factor of o and 162.
18
Let j(k) = -k - 9. Let d = 27 + -44. Let q be j(d). Calculate the greatest common factor of q and 32.
8
Let p(d) = 71*d**2 + 1. Let r(k) = 8*k - 8*k - k**3. Let a be r(1). Let l be p(a). What is the highest common divisor of 8 and l?
8
Suppose -3*o + 5*t + 60 = 0, 3*o + 0 = t + 60. What is the greatest common divisor of 20 and o?
20
Suppose -18*v = 116 - 296. Suppose 4*a - 44 = s - 3, -5*a - 2*s = -48. What is the highest common factor of a and v?
10
Suppose -2*t = 5*q - 128, -q = 3*q - 3*t - 84. Suppose -2*l + 3*y = -20, 5*l - l = 2*y + 24. What is the greatest common divisor of l and q?
4
Let z = 942 + -642. Calculate the greatest common factor of z and 15.
15
Let i = -21 - -65. Suppose -7*u = -10*u + 93. Let o = 42 - u. What is the greatest common factor of i and o?
11
Suppose 2*g + 0*g - 26 = 4*c, -2*g = 4*c + 6. What is the greatest common divisor of 3 and g?
1
Let p(f) = 19*f**2 - 7*f + 3. Suppose 4*m - 5*v = -4, 0 = -4*m - 3*v + v + 24. Let c be p(m). Calculate the greatest common divisor of c and 31.
31
Suppose 96 = p + 2*p. Let x = 59 - p. Let w be ((-20)/(-8))/(15/18). Calculate the greatest common divisor of w and x.
3
Suppose 2*m + q = 3*m - 25, q + 63 = 3*m. Let w be (-1 + 27)*3 - 2. What is the highest common factor of w and m?
19
Let x be (-51)/(-2)*80/(-24). Let g = 173 + x. What is the greatest common factor of g and 8?
8
Let t = 11 + 5. Suppose -p - 3*k = -t, -p - k = p - 47. Calculate the highest common factor of 175 and p.
25
Let p(i) = 5*i**3 + 3*i - 2. Let u be p(1). Suppose -5 - 103 = -u*q. Calculate the highest common divisor of q and 54.
18
Let m(n) = -28*n + 296. Let k be m(-2). What is the greatest common divisor of 121 and k?
11
Suppose -5*w + 269 = 224. What is the highest common divisor of w and 909?
9
Let s = -233 - -359. Calculate the greatest common divisor of s and 54.
18
Suppose 3*q + 9 = 0, 0 = -v + 2*q - 7*q - 21. Let h = v - -16. What is the greatest common divisor of 70 and h?
10
Let u = 1191 + -1113. Calculate the highest common divisor of u and 897.
39
Suppose 4*w = 3*g - 5*g + 28, 2 = g. Suppose -j - 2*t + 29 = 0, 3*t - 8*t = -5*j + 175. Suppose 3*m - w = j. Calculate the highest common divisor of 143 and m.
13
Let q(a) = a**2 + 40*a + 291. Let k be q(-6). Let t(c) = -5*c - 1. Let u be t(-6). Calculate the greatest common divisor of u and k.
29
Let h = -8 + 18. Let m(d) = d + 53. Let b be m(h). What is the highest common divisor of b and 7?
7
Let y(u) = -3*u + 40. Let v be y(10). Let q = -70 + 323. Suppose 0 = -2*s - 73 + q. What is the greatest common divisor of s and v?
10
Suppose -6*r = -27*r + 84. Calculate the greatest common factor of 3 and r.
1
Let v = -4 - -16. Suppose o + 75 = 5*q - 78, 5*q + 5*o - 135 = 0. Let b be 160/q + 6/9. Calculate the highest common factor of v and b.
6
Let f(s) = -s**3 + 9*s**2 + 10*s + 5. Let h be f(10). Suppose 0 = -4*u + u - h*j + 164, 0 = -3*u + 5*j + 154. What is the highest common factor of u and 212?
53
Suppose 5*u - 4*j = -8*j + 216, -u = -2*j - 46. Calculate the greatest common factor of u and 176.
44
Let p be ((1 + -3)*2 - -117) + 1. What is the highest common divisor of 285 and p?
57
Let z(j) = j + 1. Let g(i) = 23*i**3 - i**2 - 8*i - 3. Let b(f) = g(f) + 5*z(f). Let s be b(1). What is the greatest common factor of 14 and s?
7
Let w be 4/(-32)*-4*10. Let g(j) = j**3 - 6*j**2 + 10*j - 3. Let h be g(w). Calculate the greatest common factor of h and 220.
22
Let h be (-20002)/(-18) - (-16)/(-72). What is the greatest common divisor of h and 11?
11
Suppose 2*y - 3*m - 231 = 0, m + 4*m = -5*y + 515. What is the greatest common factor of 36 and y?
36
Let p(t) = -7*t + 6. Let y be p(3). Let s be 10/y + (-479)/(-3). Let x = -103 + s. What is the greatest common divisor of x and 8?
8
Let q(v) = v**2 + 14*v + 4. Let f be q(-8). Let h = f - -78. What is the greatest common factor of 68 and h?
34
Let p(b) = -b**3 + 14*b**2 - 12*b - 10. Let g be p(13). Suppose 4*h - 47 = -3*q, g*q - 6*q + 3*h + 33 = 0. What is the greatest common factor of q and 39?
13
Suppose 5*s = 217 + 163. Let z be s - (-2 - -5 - -1). Calculate the highest common divisor of z and 24.
24
Let b be (2*(4 - 3))/(2 - 1). Suppose -2*r = b*o + 2*r - 70, -3*r - 129 = -4*o. Calculate the highest common divisor of 22 and o.
11
Let v(c) = 85*c**2 + 2*c + 1. Let h be v(-1). Suppose -5*w + 196 + h = 0. Let j be (-3)/8 + 1840/128. Calculate the greatest common divisor of j and w.
14
Suppose -4*z + 20 = 0, -25*c + 290 = -24*c - 4*z. Calculate the greatest common divisor of 10 and c.
10
Suppose -222 = -3*x + 3*l, 5*x = 3*l - l + 364. Suppose k - 4 = -i, 2*i + i + 2*k = 16. What is the highest common factor of i and x?
8
Let g = -500 - -197. Let d = 468 + g. Calculate the greatest common divisor of d and 33.
33
Let t(i) = -i**3 + 5*i**2 + 6*i + 1. Suppose -14 = -2*l - 2. Let a be t(l). Calculate the highest common factor of 2 and a.
1
Let m = 7 - 3. Suppose a = -4*h - h + 16, m*h = -2*a + 56. Suppose 5*f - 14 = a. What is the greatest common divisor of 30 and f?
10
Let v = 191 - 515. Let m be 2/(-10) - v/45. Suppose 3*t - 4*u - 214 = 0, -t + 6*u + 73 = 3*u. Calculate the greatest common divisor of t and m.
7
Let l be (-3 - 17)/((-6)/4 + 2). Let h = -33 - l. What is the highest common factor of h and 7?
7
Let t be 473/66 - 2/12. Suppose 0 = -t*v + 3*v + 160. Let d be 4*-1*(-1 + -1). Calculate the greatest common divisor of d and v.
8
Let z(n) = n**3 + 2*n**2 + 3*n + 73. Let v be z(0). Calculate the highest common divisor of 1387 and v.
73
Let p be (13/(260/(-24)))/(5/(-150)). Calculate the highest common divisor of 252 and p.
36
Suppose -b + 80 = b. Suppose b = u + 4*u. Let r = 11 + 1. Calculate the highest common factor of r and u.
4
Let n = 325 + -307. What is the greatest common divisor of n and 45?
9
Let q be (0 - (2 - 0)) + 609/21. What is the highest common factor of q and 189?
27
Let l(w) = -2*w**3 - 14*w**2 - 20. Let k be l(-8). What is the greatest common factor of 24 and k?
12
Suppose -2*f = -2*y + 12, -5*y - 4*f + 21 = -0*f. Let z = y - -9. Let a = 2285 + -2283. Calculate the highest common factor of a and z.
2
Let h(x) = x**3 + 5*x**2 - 9*x - 6. Let o be h(-6). Let z be (2 + o)*2/7. Suppose -170 = -9*t + z*t. Calculate the highest common divisor of t and 85.
17
Let q(l) = 9 + 12*l + l**2 + l - 3*l. Let p be q(8). Let j = 19 + -2. Calculate the highest common divisor of j and p.
17
Let w be (-1)/(-3) + 3/(-9). Suppose -5*x + 0*x + 225 = w. Suppose 85*j + 150 = 95*j. What is the highest common factor of j and x?
15
Suppose 80 = 5*l - 5*i, -5*l + i = -3*l - 28. Suppose 131 = 2*o + w + 99, -4*o + 76 = -w. What is the highest common divisor of o and l?
6
Let j be ((-8)/4)/(0 + 2). Let c(b) = -1 - b + 0*b - b**2 + 34*b**2. Let y be c(j). Calculate the greatest common divisor of 11 and y.
11
Let x(i) = -i**2 + i. Let v be x(1). Suppose v = -4*h + 335 - 11. Let r(j) = 247*j - 1181. Let n be r(5). What is the highest common divisor of n and h?
27
Let v be (-8853)/(-130) + (-2)/20. Let o(i) = -2*i**3 - i**2 - 4*i - 3. Let g be o(-2). What is the highest common factor of v and g?
17
Suppose 